{"id":4853,"date":"2024-06-03T16:59:14","date_gmt":"2024-06-03T16:59:14","guid":{"rendered":"https:\/\/play.exploragame.com.ar\/?page_id=4853"},"modified":"2024-06-05T15:41:58","modified_gmt":"2024-06-05T15:41:58","slug":"21-bolivar","status":"publish","type":"page","link":"https:\/\/play.exploragame.com.ar\/index.php\/21-bolivar\/","title":{"rendered":"22 bolivar"},"content":{"rendered":"\t\t<div data-elementor-type=\"wp-page\" data-elementor-id=\"4853\" class=\"elementor elementor-4853\" data-elementor-post-type=\"page\">\n\t\t\t\t<div class=\"elementor-element elementor-element-03e4d1c e-con-full e-flex e-con e-parent\" data-id=\"03e4d1c\" data-element_type=\"container\">\n\t\t\t\t<div class=\"elementor-element elementor-element-06cbabb elementor-widget-mobile__width-inherit elementor-widget elementor-widget-eael-progress-bar\" data-id=\"06cbabb\" data-element_type=\"widget\" data-widget_type=\"eael-progress-bar.default\">\n\t\t\t\t<div class=\"elementor-widget-container\">\n\t\t\t<div class=\"eael-progressbar-line-container center\">\n                \n\n                <div class=\"eael-progressbar eael-progressbar-line eael-progressbar-line-stripe eael-progressbar-line-animate-rtl\" data-layout=\"line\" data-count=\"92\" data-duration=\"1500\">\n                    <span class=\"eael-progressbar-count-wrap\"><span class=\"eael-progressbar-count\">0<\/span><span class=\"postfix\">%<\/span><\/span>\n                    <span class=\"eael-progressbar-line-fill \" style=\"-webkit-transition-duration:1500ms;-o-transition-duration:1500ms;transition-duration:1500ms;\"><\/span>\n                <\/div>\n            <\/div>\t\t<\/div>\n\t\t\t\t<\/div>\n\t\t\t\t<\/div>\n\t\t<div class=\"elementor-element elementor-element-0570150 e-flex e-con-boxed e-con e-parent\" data-id=\"0570150\" data-element_type=\"container\">\n\t\t\t\t\t<div class=\"e-con-inner\">\n\t\t\t\t<div class=\"elementor-element elementor-element-219adf3 elementor-widget elementor-widget-image\" data-id=\"219adf3\" data-element_type=\"widget\" data-widget_type=\"image.default\">\n\t\t\t\t<div class=\"elementor-widget-container\">\n\t\t\t\t\t\t\t\t\t\t\t\t\t<img fetchpriority=\"high\" decoding=\"async\" width=\"1024\" height=\"842\" src=\"https:\/\/play.exploragame.com.ar\/wp-content\/uploads\/2024\/06\/WhatsApp-Image-2024-06-03-at-2.28.31-PM-1024x842.jpeg\" class=\"attachment-large size-large wp-image-4880\" alt=\"\" srcset=\"https:\/\/play.exploragame.com.ar\/wp-content\/uploads\/2024\/06\/WhatsApp-Image-2024-06-03-at-2.28.31-PM-1024x842.jpeg 1024w, https:\/\/play.exploragame.com.ar\/wp-content\/uploads\/2024\/06\/WhatsApp-Image-2024-06-03-at-2.28.31-PM-300x247.jpeg 300w, https:\/\/play.exploragame.com.ar\/wp-content\/uploads\/2024\/06\/WhatsApp-Image-2024-06-03-at-2.28.31-PM-768x631.jpeg 768w, https:\/\/play.exploragame.com.ar\/wp-content\/uploads\/2024\/06\/WhatsApp-Image-2024-06-03-at-2.28.31-PM-1536x1262.jpeg 1536w, https:\/\/play.exploragame.com.ar\/wp-content\/uploads\/2024\/06\/WhatsApp-Image-2024-06-03-at-2.28.31-PM.jpeg 1600w\" sizes=\"(max-width: 1024px) 100vw, 1024px\" \/>\t\t\t\t\t\t\t\t\t\t\t\t\t<\/div>\n\t\t\t\t<\/div>\n\t\t\t\t\t<\/div>\n\t\t\t\t<\/div>\n\t\t<div class=\"elementor-element elementor-element-a43b905 e-flex e-con-boxed e-con e-parent\" data-id=\"a43b905\" data-element_type=\"container\">\n\t\t\t\t\t<div class=\"e-con-inner\">\n\t\t\t\t<div class=\"elementor-element elementor-element-c354dd6 elementor-widget elementor-widget-text-editor\" data-id=\"c354dd6\" data-element_type=\"widget\" data-widget_type=\"text-editor.default\">\n\t\t\t\t<div class=\"elementor-widget-container\">\n\t\t\t\t\t\t\t<p>Ahora vamos a conocer la calle Bol\u00edvar, esta calle fue puesta en valor hace poco tiempo y en ella confluyen edificios pintorescos, restaurantes, bares, arte urbano y mucho ambiente.<\/p><p>En la altura de 900 de Bolivar encontraran este bello edificio, en diagonal a \u00e9l ver\u00e1n una casa intervenida con mucho arte y un balc\u00f3n corrido en su primer primer piso.<\/p><p>Sobre su fachada tienen que encontrar la silueta de Mafalda en blanco y negro\u00a0 y escanearla con la app de abajo.<\/p>\t\t\t\t\t\t<\/div>\n\t\t\t\t<\/div>\n\t\t\t\t<div class=\"elementor-element elementor-element-96ae8e1 elementor-widget elementor-widget-image\" data-id=\"96ae8e1\" data-element_type=\"widget\" data-widget_type=\"image.default\">\n\t\t\t\t<div class=\"elementor-widget-container\">\n\t\t\t\t\t\t\t\t\t\t\t\t\t<img decoding=\"async\" width=\"150\" height=\"150\" src=\"https:\/\/play.exploragame.com.ar\/wp-content\/uploads\/2024\/06\/Titulo-2.png\" class=\"attachment-large size-large wp-image-4885\" alt=\"\" \/>\t\t\t\t\t\t\t\t\t\t\t\t\t<\/div>\n\t\t\t\t<\/div>\n\t\t\t\t\t<\/div>\n\t\t\t\t<\/div>\n\t\t<div class=\"elementor-element elementor-element-0327115 e-flex e-con-boxed e-con e-parent\" data-id=\"0327115\" data-element_type=\"container\">\n\t\t\t\t\t<div class=\"e-con-inner\">\n\t\t\t\t<div class=\"elementor-element elementor-element-daf9555 elementor-widget elementor-widget-shortcode\" data-id=\"daf9555\" data-element_type=\"widget\" data-widget_type=\"shortcode.default\">\n\t\t\t\t<div class=\"elementor-widget-container\">\n\t\t\t\t\t<div class=\"elementor-shortcode\"><div class=\"h5p-iframe-wrapper\"><iframe id=\"h5p-iframe-11\" class=\"h5p-iframe\" data-content-id=\"11\" style=\"height:1px\" src=\"about:blank\" frameBorder=\"0\" scrolling=\"no\" title=\"Mafalda Scavenger\"><\/iframe><\/div>\n<\/div>\n\t\t\t\t<\/div>\n\t\t\t\t<\/div>\n\t\t\t\t\t<\/div>\n\t\t\t\t<\/div>\n\t\t\t\t<\/div>\n\t\t","protected":false},"excerpt":{"rendered":"<p>0% Ahora vamos a conocer la calle Bol\u00edvar, esta calle fue puesta en valor hace poco tiempo y en ella confluyen edificios pintorescos, restaurantes, bares, arte urbano y mucho ambiente. En la altura de 900 de Bolivar encontraran este bello edificio, en diagonal a \u00e9l ver\u00e1n una casa intervenida con mucho arte y un balc\u00f3n &#8230; <a title=\"22 bolivar\" class=\"read-more\" href=\"https:\/\/play.exploragame.com.ar\/index.php\/21-bolivar\/\" aria-label=\"Leer m\u00e1s sobre 22 bolivar\">Leer m\u00e1s<\/a><\/p>\n","protected":false},"author":1,"featured_media":0,"parent":0,"menu_order":0,"comment_status":"closed","ping_status":"closed","template":"elementor_header_footer","meta":{"footnotes":""},"wf_page_folders":[11],"class_list":["post-4853","page","type-page","status-publish"],"_links":{"self":[{"href":"https:\/\/play.exploragame.com.ar\/index.php\/wp-json\/wp\/v2\/pages\/4853","targetHints":{"allow":["GET"]}}],"collection":[{"href":"https:\/\/play.exploragame.com.ar\/index.php\/wp-json\/wp\/v2\/pages"}],"about":[{"href":"https:\/\/play.exploragame.com.ar\/index.php\/wp-json\/wp\/v2\/types\/page"}],"author":[{"embeddable":true,"href":"https:\/\/play.exploragame.com.ar\/index.php\/wp-json\/wp\/v2\/users\/1"}],"replies":[{"embeddable":true,"href":"https:\/\/play.exploragame.com.ar\/index.php\/wp-json\/wp\/v2\/comments?post=4853"}],"version-history":[{"count":17,"href":"https:\/\/play.exploragame.com.ar\/index.php\/wp-json\/wp\/v2\/pages\/4853\/revisions"}],"predecessor-version":[{"id":5165,"href":"https:\/\/play.exploragame.com.ar\/index.php\/wp-json\/wp\/v2\/pages\/4853\/revisions\/5165"}],"wp:attachment":[{"href":"https:\/\/play.exploragame.com.ar\/index.php\/wp-json\/wp\/v2\/media?parent=4853"}],"wp:term":[{"taxonomy":"wf_page_folders","embeddable":true,"href":"https:\/\/play.exploragame.com.ar\/index.php\/wp-json\/wp\/v2\/wf_page_folders?post=4853"}],"curies":[{"name":"wp","href":"https:\/\/api.w.org\/{rel}","templated":true}]}}